{"id":2116,"date":"2017-05-12T07:12:52","date_gmt":"2017-05-12T05:12:52","guid":{"rendered":"https:\/\/beck-finkbeiner.ch\/?page_id=2116"},"modified":"2023-08-29T08:04:08","modified_gmt":"2023-08-29T07:04:08","slug":"impressum","status":"publish","type":"page","link":"https:\/\/beck-finkbeiner.ch\/?page_id=2116","title":{"rendered":"Impressum"},"content":{"rendered":"<div class=\"wp-block-image\">\n<figure class=\"aligncenter\"><img data-recalc-dims=\"1\" loading=\"lazy\" decoding=\"async\" width=\"300\" height=\"164\" data-attachment-id=\"2118\" data-permalink=\"https:\/\/beck-finkbeiner.ch\/?attachment_id=2118\" data-orig-file=\"https:\/\/i0.wp.com\/beck-finkbeiner.ch\/wp-content\/uploads\/2017\/05\/Finkbeiner-Schriftzug-B%C3%A4ckererKonditorei.jpg?fit=2200%2C1200&amp;ssl=1\" data-orig-size=\"2200,1200\" data-comments-opened=\"0\" data-image-meta=\"{&quot;aperture&quot;:&quot;0&quot;,&quot;credit&quot;:&quot;&quot;,&quot;camera&quot;:&quot;&quot;,&quot;caption&quot;:&quot;&quot;,&quot;created_timestamp&quot;:&quot;0&quot;,&quot;copyright&quot;:&quot;&quot;,&quot;focal_length&quot;:&quot;0&quot;,&quot;iso&quot;:&quot;0&quot;,&quot;shutter_speed&quot;:&quot;0&quot;,&quot;title&quot;:&quot;&quot;,&quot;orientation&quot;:&quot;0&quot;}\" data-image-title=\"Finkbeiner Schriftzug B\u00e4ckererKonditorei\" data-image-description=\"\" data-image-caption=\"\" data-medium-file=\"https:\/\/i0.wp.com\/beck-finkbeiner.ch\/wp-content\/uploads\/2017\/05\/Finkbeiner-Schriftzug-B%C3%A4ckererKonditorei.jpg?fit=300%2C164&amp;ssl=1\" data-large-file=\"https:\/\/i0.wp.com\/beck-finkbeiner.ch\/wp-content\/uploads\/2017\/05\/Finkbeiner-Schriftzug-B%C3%A4ckererKonditorei.jpg?fit=980%2C535&amp;ssl=1\" src=\"https:\/\/i0.wp.com\/beck-finkbeiner.ch\/wp-content\/uploads\/2017\/05\/Finkbeiner-Schriftzug-B%C3%A4ckererKonditorei.jpg?resize=300%2C164&#038;ssl=1\" alt=\"\" class=\"wp-image-2118\" srcset=\"https:\/\/i0.wp.com\/beck-finkbeiner.ch\/wp-content\/uploads\/2017\/05\/Finkbeiner-Schriftzug-B%C3%A4ckererKonditorei.jpg?resize=300%2C164&amp;ssl=1 300w, https:\/\/i0.wp.com\/beck-finkbeiner.ch\/wp-content\/uploads\/2017\/05\/Finkbeiner-Schriftzug-B%C3%A4ckererKonditorei.jpg?resize=768%2C419&amp;ssl=1 768w, https:\/\/i0.wp.com\/beck-finkbeiner.ch\/wp-content\/uploads\/2017\/05\/Finkbeiner-Schriftzug-B%C3%A4ckererKonditorei.jpg?resize=1024%2C559&amp;ssl=1 1024w, https:\/\/i0.wp.com\/beck-finkbeiner.ch\/wp-content\/uploads\/2017\/05\/Finkbeiner-Schriftzug-B%C3%A4ckererKonditorei.jpg?resize=500%2C273&amp;ssl=1 500w, https:\/\/i0.wp.com\/beck-finkbeiner.ch\/wp-content\/uploads\/2017\/05\/Finkbeiner-Schriftzug-B%C3%A4ckererKonditorei.jpg?w=1960&amp;ssl=1 1960w\" sizes=\"auto, (max-width: 300px) 100vw, 300px\" \/><\/figure>\n<\/div>\n\n\n<p class=\"wp-block-paragraph\"><strong>Kontaktadresse<br><\/strong>Finkbeiner GmbH B\u00e4ckerei Konditorei<br>Rathausstrasse 18<br>4410 Liestal<\/p>\n\n\n\n<p class=\"has-text-align-left wp-block-paragraph\">Tel.: 061 921 06 90<br>Fax: 061 921 59 03<\/p>\n\n\n\n<p class=\"has-text-align-left wp-block-paragraph\"><a href=\"mailto:info@beck-finkbeiner.ch\">info@beck-finkbeiner.ch<\/a><\/p>\n\n\n\n<p class=\"wp-block-paragraph\"><strong>Vertretungsberechtigte Personen<\/strong><br>Andreas Finkbeiner<br>Florian Finkbeiner<\/p>\n\n\n\n<p class=\"wp-block-paragraph\"><strong>Handelsregistereintrag <br><\/strong>Eingetragener Firmenname:<br>Finkbeiner GmbH B\u00e4ckerei Konditorei<br>UID\/MWST: CHE-443.666.333<\/p>\n\n\n\n<p class=\"has-text-align-left wp-block-paragraph\"><\/p>\n","protected":false},"excerpt":{"rendered":"<p>KontaktadresseFinkbeiner GmbH B\u00e4ckerei KonditoreiRathausstrasse 184410 Liestal Tel.: 061 921 06 90Fax: 061 921 59 03 info@beck-finkbeiner.ch Vertretungsberechtigte PersonenAndreas FinkbeinerFlorian Finkbeiner Handelsregistereintrag Eingetragener Firmenname:Finkbeiner GmbH B\u00e4ckerei KonditoreiUID\/MWST: CHE-443.666.333<\/p>\n","protected":false},"author":1,"featured_media":0,"parent":0,"menu_order":0,"comment_status":"closed","ping_status":"closed","template":"","meta":{"_acf_changed":false,"_crdt_document":"","ngg_post_thumbnail":0,"jetpack_post_was_ever_published":false,"footnotes":""},"class_list":["post-2116","page","type-page","status-publish","hentry"],"acf":[],"jetpack_sharing_enabled":true,"jetpack_shortlink":"https:\/\/wp.me\/P7b9YP-y8","jetpack-related-posts":[{"id":41,"url":"https:\/\/beck-finkbeiner.ch\/?page_id=41","url_meta":{"origin":2116,"position":0},"title":"Standorte","author":"Andi Finkbeiner","date":"7. Oktober 2013","format":false,"excerpt":"Hauptgesch\u00e4ft Liestal B\u00e4ckerei-Konditorei Telefon 061 921 06 90 Rathausstr. 18 Fax 061 921 59 03 4410 Liestal \u00a0 Karte \u00d6ffnungszeiten: Montag - Freitag 6.00 - 18.30 Samstag 6.00 - 16.00 \u00a0 \u00d6ffnungszeiten in den Schulsommerferien: Montag - Freitag 6.00 - 18.30 Samstag 6.00 - 15.00 Filiale Pratteln B\u00e4ckerei-Konditorei Caf\u00e9 Telefon\u2026","rel":"","context":"\u00c4hnlicher Beitrag","block_context":{"text":"\u00c4hnlicher Beitrag","link":""},"img":{"alt_text":"","src":"","width":0,"height":0},"classes":[]},{"id":32,"url":"https:\/\/beck-finkbeiner.ch\/?page_id=32","url_meta":{"origin":2116,"position":1},"title":"Kontakt","author":"Andi Finkbeiner","date":"7. Oktober 2013","format":false,"excerpt":"Ihre Bestellung f\u00fcr den n\u00e4chsten Arbeitstag nehmen wir gerne per Telefon, Fax oder e-mail entgegen. Per e-mail sind wir bis 17.45 Uhr (Samstag 16.00 Uhr) erreichbar, ansonsten gelten die Laden\u00f6ffnungszeiten. Telefon Liestal: 061 \/ 921 06 90 Telefon Pratteln: 061 \/ 821 50 86 Fax Liestal: 061 \/ 921 59\u2026","rel":"","context":"\u00c4hnlicher Beitrag","block_context":{"text":"\u00c4hnlicher Beitrag","link":""},"img":{"alt_text":"","src":"","width":0,"height":0},"classes":[]},{"id":2085,"url":"https:\/\/beck-finkbeiner.ch\/?page_id=2085","url_meta":{"origin":2116,"position":2},"title":"Allgemeine Gesch\u00e4ftsbedingungen","author":"Andi Finkbeiner","date":"5. Mai 2017","format":false,"excerpt":"Allgemeines Nachstehende allgemeine Gesch\u00e4ftsbedingungen gelten f\u00fcr alle Vertr\u00e4ge, Lieferungen und sonstige Leistungen. Abweichenden Vorschriften des Vertragspartners widersprechen wir hiermit ausdr\u00fccklich. Alle Nebenabreden bed\u00fcrfen der schriftlichen Best\u00e4tigung unsererseits. Die Finkbeiner GmbH B\u00e4ckerei Konditorei ist jederzeit berechtigt, diese allgemeinen Gesch\u00e4ftsbedingungen einschliesslich aller eventuellen Anlagen mit einer angemessenen K\u00fcndigungsfrist zu \u00e4ndern oder zu\u2026","rel":"","context":"\u00c4hnlicher Beitrag","block_context":{"text":"\u00c4hnlicher Beitrag","link":""},"img":{"alt_text":"","src":"","width":0,"height":0},"classes":[]},{"id":338,"url":"https:\/\/beck-finkbeiner.ch\/?page_id=338","url_meta":{"origin":2116,"position":3},"title":"Offene Stellen","author":"Andi Finkbeiner","date":"17. Januar 2014","format":false,"excerpt":"\u00a0 Wir sind\u2026\u2026eine B\u00e4ckerei-Konditorei-Confiserie mit 2 Verkaufsstellen mit Caf\u00e9\u2026ein Familienunternehmen das es seit 1910 gibt\u2026ein innovatives Gesch\u00e4ft, das sich laufend auf den neusten Stand weiterentwickelt Sie\u2026\u2026haben Freude an unserem sch\u00f6nen Beruf im Verkauf oder in der Backstube Wir bieten\u2026\u2026Ihnen\u00a0eine kreative, vielseitige Arbeitsstelle\u2026attraktive Anstellungsbedingungen und zeitgerechte Entlohnung\u2026Verantwortungs - \u00dcbernahme, wenn erw\u00fcnscht\u2026","rel":"","context":"In &quot;Allgemein&quot;","block_context":{"text":"Allgemein","link":"https:\/\/beck-finkbeiner.ch\/?cat=1"},"img":{"alt_text":"","src":"","width":0,"height":0},"classes":[]},{"id":2,"url":"https:\/\/beck-finkbeiner.ch\/?page_id=2","url_meta":{"origin":2116,"position":4},"title":"Chronik","author":"Andi Finkbeiner","date":"6. Oktober 2013","format":false,"excerpt":"1910 Kauf der B\u00e4ckerei in Liestal an der Rathausstrasse 20 durch Johann und Ida Finkbeiner\u2013Meier. Dieser Ehe entsprangen 5 Kinder, wovon 2 S\u00f6hne das B\u00e4ckerhandwerk lernten. 1917 Johann Finkbeiner bekommt das Liestaler B\u00fcrgerrecht. Er kauft die Liegenschaft Nr. 18 hinzu kann dadurch die B\u00e4ckerei vergr\u00f6ssern. 1923 Umbau und Vergr\u00f6sserung der\u2026","rel":"","context":"\u00c4hnlicher Beitrag","block_context":{"text":"\u00c4hnlicher Beitrag","link":""},"img":{"alt_text":"","src":"https:\/\/i0.wp.com\/beck-finkbeiner.ch\/wp-content\/uploads\/2023\/06\/Header_LadenLiestal-ohne_logo-Kopie.jpg?resize=350%2C200&ssl=1","width":350,"height":200,"srcset":"https:\/\/i0.wp.com\/beck-finkbeiner.ch\/wp-content\/uploads\/2023\/06\/Header_LadenLiestal-ohne_logo-Kopie.jpg?resize=350%2C200&ssl=1 1x, https:\/\/i0.wp.com\/beck-finkbeiner.ch\/wp-content\/uploads\/2023\/06\/Header_LadenLiestal-ohne_logo-Kopie.jpg?resize=525%2C300&ssl=1 1.5x, https:\/\/i0.wp.com\/beck-finkbeiner.ch\/wp-content\/uploads\/2023\/06\/Header_LadenLiestal-ohne_logo-Kopie.jpg?resize=700%2C400&ssl=1 2x"},"classes":[]},{"id":2131,"url":"https:\/\/beck-finkbeiner.ch\/?page_id=2131","url_meta":{"origin":2116,"position":5},"title":"Widerrufsbestimmungen","author":"Andi Finkbeiner","date":"15. Mai 2017","format":false,"excerpt":"Stornierung \/ \u00c4nderung der Bestellung Solange Sie Ihre Bestellung noch nicht endg\u00fcltig aufgegeben haben, ist jederzeit eine Modifikation Ihrer Bestelldaten m\u00f6glich. Zu diesem Zeitpunkt kann auch der Bestellprozess abgebrochen werden. Wenn Sie Ihre Bestellung best\u00e4tigt haben, k\u00f6nnen Sie Stornierungen und Auftrags\u00e4nderungen einen Arbeitstag (Monzag - Samstag) vor der Bestellung vornehmen,\u2026","rel":"","context":"\u00c4hnlicher Beitrag","block_context":{"text":"\u00c4hnlicher Beitrag","link":""},"img":{"alt_text":"","src":"","width":0,"height":0},"classes":[]}],"jetpack_likes_enabled":false,"_links":{"self":[{"href":"https:\/\/beck-finkbeiner.ch\/index.php?rest_route=\/wp\/v2\/pages\/2116","targetHints":{"allow":["GET"]}}],"collection":[{"href":"https:\/\/beck-finkbeiner.ch\/index.php?rest_route=\/wp\/v2\/pages"}],"about":[{"href":"https:\/\/beck-finkbeiner.ch\/index.php?rest_route=\/wp\/v2\/types\/page"}],"author":[{"embeddable":true,"href":"https:\/\/beck-finkbeiner.ch\/index.php?rest_route=\/wp\/v2\/users\/1"}],"replies":[{"embeddable":true,"href":"https:\/\/beck-finkbeiner.ch\/index.php?rest_route=%2Fwp%2Fv2%2Fcomments&post=2116"}],"version-history":[{"count":8,"href":"https:\/\/beck-finkbeiner.ch\/index.php?rest_route=\/wp\/v2\/pages\/2116\/revisions"}],"predecessor-version":[{"id":12343,"href":"https:\/\/beck-finkbeiner.ch\/index.php?rest_route=\/wp\/v2\/pages\/2116\/revisions\/12343"}],"wp:attachment":[{"href":"https:\/\/beck-finkbeiner.ch\/index.php?rest_route=%2Fwp%2Fv2%2Fmedia&parent=2116"}],"curies":[{"name":"wp","href":"https:\/\/api.w.org\/{rel}","templated":true}]}}